 + 57. Suppose q = f - 85 - 13. What are the prime factors of f?
2, 7
Suppose -2*u + u + 81 = 0. Suppose -h + u = -2. Suppose -h - 67 = -5*p. List the prime factors of p.
2, 3, 5
Let v = 1140 - 896. List the prime factors of v.
2, 61
Let w = 8 - 1. Let r(h) = -2 - h**2 + 13 - w*h + 20*h. What are the prime factors of r(12)?
23
Let n = 456 + -35. Let z = n + -187. List the prime factors of z.
2, 3, 13
Suppose -22*n + 3277 = -23937. List the prime factors of n.
1237
Let y(s) = 206*s**2 + 12*s - 5. What are the prime factors of y(2)?
3, 281
What are the prime factors of -545*(-2)/15*27?
2, 3, 109
Suppose -3*h + 5*o - 105 = -1662, -2*h + 2*o = -1038. What are the prime factors of h?
3, 173
Suppose 5*i + 28 = 7*i. List the prime factors of (-4)/i - 2490/(-42).
59
Suppose 5*r - 1906 = -3*k, 12*r - 4*k = 13*r - 388. List the prime factors of r.
2, 5, 19
List the prime factors of 2*5361/24 - (-4)/16.
3, 149
Suppose -76*k = -56*k - 27260. What are the prime factors of k?
29, 47
Let d(r) = -r**2 - 8*r - 8. Let v be d(-6). Let w(p) = 5 + 58*p**2 + p - v*p - 57*p**2. What are the prime factors of w(5)?
3, 5
Let h(s) = -206*s + 1056. List the prime factors of h(-5).
2, 7, 149
Let i(p) = -23*p + 2. Let n be i(1). Let s = n + 3. Let u = s - -24. What are the prime factors of u?
2, 3
Let m = -36 - -14. Let j = 31 + m. Suppose 5*w + 15 = t - j, w = 5*t - 144. What are the prime factors of t?
29
Suppose 2*p - 7 + 1 = 0. Suppose 0*w + p*x + 9 = w, 52 = 4*w + 4*x. What are the prime factors of w?
2, 3
Let j = -528 - -1888. List the prime factors of j.
2, 5, 17
Suppose -s - 2*i = 2*s + 43, -2*s + 4*i - 34 = 0. List the prime factors of ((-66)/s - 2)*100/6.
2, 5
Suppose 3*c = 4*l + 6*c - 180, 0 = -3*l + 2*c + 152. Let j be l/5 - 12/20. Suppose 4*u - j - 139 = 0. List the prime factors of u.
37
Suppose 0 = -3*p - 5*b + 6, -p - 5*b + 1 = -1. Let o be p/12 + (-13)/78. Suppose o = -2*g - 4 + 70. What are the prime factors of g?
3, 11
What are the prime factors of 12/(-30)*2020/(-4)?
2, 101
Suppose 3*l - 996 = -l + 4*d, -1221 = -5*l - d. Suppose l = -c - 4*c. Let a = 93 + c. What are the prime factors of a?
2, 11
Suppose 0 = 9*w - 2*w - 21. Suppose 0*f + r = -3*f + 686, 2*f - 462 = -w*r. List the prime factors of f.
2, 3, 19
Let a be 6/4*(0 + 14/7). Suppose -v + 262 = 5*h, 0 = a*v - h - h - 752. What are the prime factors of v?
2, 3, 7
Let p(v) = -3*v**2 - 3*v + 2. Let u be p(-4). Let i = 72 + u. List the prime factors of i.
2, 19
Let o = 9 - 9. Suppose f + 2*f = o. Suppose 0 = -c + d + 51, f = 3*c + 3*d - 0*d - 141. List the prime factors of c.
7
Suppose 4*z - 7473 = 3*y + 9563, 12 = 3*y. List the prime factors of z.
2, 2131
Let u = 12 - 38. What are the prime factors of (4/(56/63))/((-1)/u)?
3, 13
Let t(n) = -2*n**3 - 5*n**2 + 3*n - 4. Suppose -3*m = -5*m + 88. Let o be m/(-12) + 2/(-6). List the prime factors of t(o).
2
Let b = 1471 + -634. Suppose 0 = -10*v - 97 + b. What are the prime factors of v?
2, 37
Let a(l) = -68*l + 14. Let c be a(-5). Suppose -h = 2*h - 2*k - 333, 3*h - c = -5*k. List the prime factors of h.
113
Suppose 241 = -7*d + 94. Let j = d + 72. List the prime factors of j.
3, 17
Let p be 120/45*(-1 - (-10)/4). Suppose -a + 31 = 3*g - 104, -p*g - 4 = 0. What are the prime factors of a?
2, 3, 23
List the prime factors of 4/8*-8 - -1006.
2, 3, 167
List the prime factors of -4*(22922/(-20) - 6/15).
2, 2293
Let h(i) = 33*i**3 + 2*i**2 - 1. Let m be (-8)/(((-21)/6)/7). Let r = 17 - m. List the prime factors of h(r).
2, 17
Let m = -7 + 12. Let n = 8 - m. What are the prime factors of n*(-3 - (-56)/12)?
5
Let d(u) = 5*u**2 - 2*u - 4. Let n be 70/28*(-12)/(-10). What are the prime factors of d(n)?
5, 7
Suppose 2*o = -3*s + 105 + 1, 5*o - 219 = 4*s. Suppose -2*d = -91 - o. What are the prime factors of d?
3, 23
Let y(g) = -11 + 8*g**2 - 6*g**2 + 9*g + 5. Let m(o) = o**3 - 12*o**2 - 13*o - 7. Let q be m(13). List the prime factors of y(q).
29
Let r be 16/(-6)*12/(-8). Let z(i) = i**3 + 7*i**2 - 9*i - 4. Let w be z(-8). Suppose w*g = -g + 4*o + 294, 16 = r*o. What are the prime factors of g?
2, 31
Suppose 7*k = -3*y + 2*k + 32, -5*y = -3*k - 8. Suppose g - 56 = -5*t + 41, 0 = 2*g + y*t - 176. What are the prime factors of g?
2, 41
Let x(a) = -3*a**2 - 2*a. Let s be x(-1). List the prime factors of s + (-283 + 3)/(-4).
3, 23
Suppose -2*v + 3*u + 666 = 0, 7*u = 3*u + 8. List the prime factors of v.
2, 3, 7
Let s(f) = -f**2 - f + 3. Let n be s(0). Let l be n - 3*(3 + -1). List the prime factors of 196/10 - l/(-5).
19
Let u = 80 + 25. Let b(v) = v**2 + 11*v + 22. Let h be b(-9). Suppose -h*q + u = q. List the prime factors of q.
3, 7
Let g(j) = j**2 + 10*j + 22. List the prime factors of g(16).
2, 3, 73
Let m(k) = 115*k + 10. List the prime factors of m(4).
2, 5, 47
Suppose -9*b = 9*b - 13680. List the prime factors of b.
2, 5, 19
Let d(q) = -q**2 + 2*q - 1. Let b be d(1). Suppose b = -17*y + 21*y - 216. List the prime factors of y.
2, 3
What are the prime factors of -9 - (-4 + -9)*41?
2, 131
Suppose -6*z = -24*z + 8820. What are the prime factors of z?
2, 5, 7
Suppose j - 7295 = 7*i - 12*i, -4*i + 5855 = -3*j. What are the prime factors of i?
2, 5, 73
Suppose 2*w + 1 = 5. Suppose -3*l + 4 = w*f, -f + 3 = -2*l - 6. Suppose f*r - 45 = -0*r. What are the prime factors of r?
3
What are the prime factors of ((-18)/12)/(83/86 - 1)?
43
Suppose 7*n + 25*n - 47040 = 0. What are the prime factors of n?
2, 3, 5, 7
Let x = 539 + -199. List the prime factors of x.
2, 5, 17
Let z(x) = x. Let y be z(0). Suppose 4*l - 20 = -y. Suppose l*m - 4*m = -5*o + 23, o + 79 = 2*m. What are the prime factors of m?
2, 19
Let s(o) = -3*o - 16. Suppose 0 = -2*k - 3*m + m - 24, -2*k - 34 = 4*m. List the prime factors of s(k).
5
Let k = -934 + 1719. List the prime factors of k.
5, 157
Let f(c) = c**2 + 22*c - 42. Let g be f(-21). Let r = g - -225. What are the prime factors of r?
2, 3
Suppose 0 = -c + 4*m + 24, 3*m - 2*m + 25 = 5*c. List the prime factors of 14 + (11 - 4 - c).
17
Let u = 35 - 85. Let o = u - -102. List the prime factors of o.
2, 13
Let i = 625 + -324. Suppose 0 = -23*s + 16*s + i. List the prime factors of s.
43
Let z(o) = 13*o**2 + 1. Suppose 29*x = 32*x + 12. What are the prime factors of z(x)?
11, 19
Suppose -75 - 90 = -5*i. What are the prime factors of i?
3, 11
Let b be (-326)/9 - (-6)/27. Let j = 8 - b. What are the prime factors of 0 - j/4*-2?
2, 11
Let v(t) = 2*t - 12. Let i be v(9). Let c be i - 3 - (1 + -6). List the prime factors of ((-78)/c)/(8/(-32)).
3, 13
Let z be 17/(-2) - (-1)/(-2). Let i(p) be the second derivative of p**5/20 + 5*p**4/6 + 7*p**3/6 + 6*p**2 + 34*p. What are the prime factors of i(z)?
2, 3, 5
Let s be (-10)/4*(-24)/30. Suppose -o - s*o + 144 = 0. Suppose -2*i = -4*i + o. List the prime factors of i.
2, 3
Suppose 3*r = -5*w + 592, 0 = -7*w + 2*w - 20. What are the prime factors of r?
2, 3, 17
Suppose 0 = 2*g + 4*w - 12, 4*g + 7 + 2 = 3*w. Let m(i) = -3*i + 158. List the prime factors of m(g).
2, 79
Suppose 24 = 11*n - 7*n. What are the prime factors of (n + -10)/((-1)/5)?
2, 5
Suppose -4*p - 2*i + 930 = 0, 2*p + 5*i = -3*p + 1160. List the prime factors of p.
233
Let a be 0 + -1 + -5 + 25. Let y be (2 - 128/(-6)) + (-40)/30. Let b = y - a. What are the prime factors of b?
3
Suppose -4*h = h + 40. List the prime factors of -2*1/(h/628) + 0.
157
Let j(d) = 103*d. Let x be 2/(-1) - (-12 - -9). List the prime factors of j(x).
103
Let h be (-8 - -6)*(-1 - (-446)/4). Let p = -120 - h. List the prime factors of p.
101
Let z(j) = -9*j - 20 - 10*j**3 + 7*j**3 - 16*j**2 + 2*j**3. List the prime factors of z(-16).
2, 31
Suppose -5*r + 1 = -3*j, -j - 2*r + r + 5 = 0. Let c be 2 - (j - 2 - 4). Suppose 5*m + p = 55, p + 50 = 3*m + c*p. List the prime factors of m.
2, 5
Let x = 42 - 18. Suppose -5*y + 176 = -x. List the prime factors of y.
2, 5
Let j(w) be the second derivative of w**5/10 - w**4/12 - w. Let d be j(-1). Let b = d + 43. What are the prime factors of b?
2, 5
Suppose 2*a - 4 = b - 5*b, 4*b = 5*a + 4. Suppose 0 = s - a + 9. Let q = s + 12. What are the prime factors of q?
3
Let a(x) = -x**3 - 9*x**2 - x - 6. Let q be a(-9). Suppose -2*g - 3*p - q = -142, p + 3 = 0. What are the prime factors of g?
2, 37
Let b(x) = x + 1. Let d(a) = 4*a + 8. Let 